(-104)/(-78) + g/3. Calculate the greatest common divisor of j and z.
33
Suppose -7*z + 4*z = 2*i - 3756, -5*i + 3765 = 3*z. Let j = z - 876. What is the greatest common divisor of j and 22?
22
Let b(y) = 55*y**2 + 40*y + 90. Let f be b(-9). Calculate the highest common factor of 60 and f.
15
Suppose 5669 = 4*h - 4*o - 20791, 2*h = 4*o + 13240. What is the highest common divisor of h and 10?
10
Suppose -45864 = 16*j - 6*j - 59*j. Calculate the highest common divisor of 130 and j.
26
Suppose 0 = 2*v + a - 5, -4*v - 5*a + 8*a = -25. Let q be (-18)/v*(-230)/69. Calculate the greatest common factor of q and 405.
15
Let o be (-3)/((-1)/(-2) + -2). Let h be ((-10)/o)/(-4 + 12/8). Suppose -a - 1 = -4*f + 22, f = h*a - 3. What is the greatest common divisor of 35 and f?
7
Suppose 0 + 2 = 2*l. Suppose -j - l + 109 = 0. Let v be 14 - (-51)/(-34) - 2/4. Calculate the highest common factor of j and v.
12
Suppose -259*v = -20*v - 39599 - 14893. Calculate the greatest common divisor of v and 96.
12
Suppose -2*c - 45 = -145. Let m = -38 - -48. What is the greatest common divisor of c and m?
10
Let n(q) = -q**2 + 19*q - 3. Suppose 3*h = -6*h + 153. Let r be n(h). Calculate the greatest common factor of r and 93.
31
Let m be (18574/(-3012))/(3/(-72)). Let u be -1*2/4*-74. What is the greatest common divisor of m and u?
37
Let j = 7537 + -7494. What is the highest common factor of j and 1591?
43
Suppose 165*b = 170*b + 10. Suppose -4*k - k = -2*u + 35, 2*k + 32 = 2*u. Let z be u + (3 - b)/5. What is the greatest common divisor of z and 8?
8
Suppose -13*d = -387 - 3. Calculate the greatest common factor of d and 5830.
10
Let g(v) = v**2 + 5*v + 2. Let i be g(-6). Suppose -81*z = -83*z + j + 710, j = -4*z + 1450. Calculate the greatest common divisor of i and z.
8
Let l be -28 + 8128/288 - (-59612)/18. Calculate the greatest common divisor of l and 96.
48
Let b(v) be the first derivative of 4*v**3/3 + 28*v**2 + 177*v + 317. Let z be b(-3). Calculate the greatest common factor of 585 and z.
45
Suppose 1754*w - 1755*w - 5*q + 28970 = 0, 4*w - 4*q = 116024. What is the greatest common divisor of 25 and w?
25
Let u be 314*(-3 - 86/(-28)) + 9/(-21). What is the highest common factor of u and 5632?
22
Let o be (-17838)/4*(-128)/288. Suppose o = 6*h - 1516. Calculate the greatest common divisor of h and 11.
11
Let h = 123 - 57. Suppose -7*m + 109 = -h. Suppose -130 = -5*f + 7*c - 2*c, 54 = 2*f - 4*c. Calculate the highest common factor of m and f.
25
Let d(u) = u + 33. Let v be d(-22). Suppose x - 6 = 4*f, -2*x + 3*x = -f + v. Calculate the highest common factor of x and 45.
5
Suppose -28 - 31 = -4*o - 3*z, 3*o - 45 = -2*z. Let r = o + -13. Suppose 240 = r*f - f. Calculate the highest common divisor of 16 and f.
16
Let c be 30/7*(-3)/((-3)/(-7)). Let t = -25 - c. Let m = -23 - -28. What is the greatest common divisor of t and m?
5
Let u(g) = g**2 - 20*g - 1305. Let v be u(-31). Calculate the highest common factor of 3174 and v.
138
Let t be 6/(-20) - (-320679)/3330. What is the greatest common divisor of 24096 and t?
96
Let s be (46 + -1)/(15/25). Let n be -2 - 21/((-18)/(-48)*-4). Calculate the highest common divisor of n and s.
3
Let a = -262 + 592. Suppose 14*n = -50 + a. Calculate the greatest common factor of 15 and n.
5
Suppose n = -47*u + 44*u + 23355, -3*u = -15. What is the greatest common divisor of 60 and n?
60
Let r be ((-246)/(-30) - 8)/(1/415). Calculate the highest common divisor of r and 9.
1
Let r(h) = h**3 + 17*h**2 + 11*h + 165. Suppose -33*k + 80 - 608 = 0. Let y be r(k). What is the greatest common divisor of 5 and y?
5
Let z be -11 + (-33)/15*-15. What is the greatest common divisor of 17314 and z?
22
Let s(p) = p**2 + 6*p - 32. Let l be s(-10). Let j be (l/16)/((-4)/(-16)) + 8. What is the highest common factor of j and 8?
2
Suppose 90 = -4*h + 6*h. Let i(o) be the first derivative of -o**2 + 29*o - 137. Let m be i(10). What is the highest common divisor of m and h?
9
Let k(w) be the first derivative of 19*w**3/3 + 6*w**2 + 34*w - 114. Let d be k(-6). Calculate the greatest common divisor of d and 34.
34
Let r(b) = -b**2 + 12*b - 2. Let j be r(4). Let o(g) = 2*g**2 - 10*g + 6. Let i be o(5). Suppose -i*c + c = -50. What is the highest common divisor of j and c?
10
Suppose -69*n + 72864 = 76*n - 53*n. Calculate the highest common divisor of n and 9702.
198
Let j be ((-14664)/10)/((-290)/(-100) - 3). Calculate the greatest common factor of 104 and j.
104
Let s(a) = -a**3 + 26*a**2 - 24*a - 6. Let u be s(25). Let h = 0 + u. What is the highest common divisor of 133 and h?
19
Suppose 622*i = 627*i + 40. Suppose -2*z - 100 = 3*z. Let v be (-16)/(-4)*(-2 + z/i). What is the greatest common divisor of 14 and v?
2
Let s(w) = -w**3 + 3*w**2 - w - 7. Let o be s(5). Suppose h - 35 - 42 = 0. Let x = h + o. Calculate the greatest common divisor of x and 3.
3
Suppose 1302 = 21*i - 3402. Suppose -5*c - 2*f + 164 = -0*f, 0 = c - f - 30. What is the highest common divisor of i and c?
32
Suppose 425*r + 230202 = 479*r. What is the greatest common divisor of r and 21?
21
Suppose 408 = a - 5*v, -2*a = 2*v - 264 - 552. What is the highest common factor of 2312 and a?
136
Let x(u) = u**3 + 8*u**2 + 12*u + 58. Let r be x(-7). Suppose -32*j + 306 = -r*j. What is the highest common divisor of j and 527?
17
Suppose 2*z = 2*r - 2*z - 196, -3*r = -5*z - 299. Let p(g) = 8501*g + 59993. Let l be p(-7). What is the greatest common factor of r and l?
54
Let g = 177 + -175. Suppose a + 4*p = g, 2*a - 5*p - 113 = -2*a. Let z(w) = 10*w**2 + w + 1. Let t be z(-3). Calculate the greatest common factor of t and a.
22
Let h = 29856 - 29561. Calculate the greatest common factor of h and 2124.
59
Suppose 11*w + 400 = 6*w. Let c = w - -133. Suppose -4*m + 63 + c = 0. Calculate the greatest common divisor of m and 87.
29
Suppose -5*i + 6*b + 519 = 3*b, -3*i + 309 = -b. What is the highest common factor of 374 and i?
34
Let j(c) = -c**3 + c**2 + c - 23. Let m be j(0). Let w = 19 + m. Let v be ((-180)/(-27))/(w/(-18)). Calculate the highest common divisor of 12 and v.
6
Suppose -9500 - 2008 = -351*n + 77*n. What is the highest common factor of n and 1014?
6
Suppose y = -3*s + 14, -2*y + 3*s + 108 - 35 = 0. Suppose -6*r + 735 = y*r. Calculate the highest common divisor of 231 and r.
21
Suppose 0 = 3*x + 5*b - 1478, -x + b - 2068 + 2542 = 0. What is the greatest common factor of 26 and x?
13
Let g be 10/25 + (-36)/(-10). Let o be 7/(7/g) + (-1 - -4). Suppose 172 = o*b - 143. Calculate the highest common divisor of 15 and b.
15
Suppose -50 = 7*d - 141. Suppose z = -2*z. Suppose v + z*v - 13 = 0. What is the highest common divisor of v and d?
13
Suppose 2*q + 74*x - 1016 = 70*x, 0 = 2*q + 5*x - 1010. Calculate the greatest common divisor of 128 and q.
8
Suppose -361*v + 347*v + 616 = 0. Calculate the greatest common divisor of 132 and v.
44
Suppose -5*w = 4*c + 598, c = 4*c + 6. Let p be (-1 + w/8)*96/(-18). Suppose 0 = 2*o + 5*o - p. What is the highest common divisor of 108 and o?
12
Suppose 5*a = -28 - 32. Let y(d) be the first derivative of -d**3/3 - 6*d**2 + 6*d - 244. Let r be y(a). What is the greatest common divisor of r and 30?
6
Suppose -2 = 2*n, 2*n + 13778 = -163*p + 166*p. Calculate the greatest common divisor of 16 and p.
16
Let h = -56 - -60. Suppose 0 = h*x - 4, 2*x - x + 127 = 4*c. What is the highest common factor of 128 and c?
32
Let r(o) = -5*o**2 + 14*o - 4. Let h be r(3). Let m(y) = -7*y - 52. Let z be m(h). Let c be (-4 - z)/(2/(-88)). What is the greatest common factor of c and 11?
11
Let w(n) = -n**3 - 23*n**2 - 54*n + 6. Let k be w(-6). Let z = k + 402. What is the highest common factor of z and 72?
24
Suppose -18*p = -706 - 1184. What is the greatest common divisor of p and 336?
21
Let g = -3210 - -6573. What is the highest common factor of g and 57?
57
Let l = 1013 - 995. Let t be 1*(-2 + 37 - -1). What is the highest common divisor of l and t?
18
Let d(y) = 2*y**2 + 12*y + 12. Let l be d(-5). Let t(g) = 15*g - 20. Let k be t(l). Calculate the highest common factor of 120 and k.
10
Let p(h) = -h**3 - 70*h**2 - 210*h + 1056. Let x be p(-67). Calculate the highest common factor of 84 and x.
21
Let c(s) = s**2 - 2*s - 42. Let q be c(10). Let m(d) = 6 - 3*d**2 - 2 + 